{"id":1309,"date":"2021-10-19T13:53:19","date_gmt":"2021-10-19T11:53:19","guid":{"rendered":"https:\/\/piramidops.com\/?page_id=1309"},"modified":"2026-01-12T12:34:10","modified_gmt":"2026-01-12T11:34:10","slug":"digimi-cafe","status":"publish","type":"page","link":"https:\/\/piramidops.com\/?page_id=1309","title":{"rendered":"Projekte Digitalisierung _DIGI LIFT (abgeschlossen 2025)"},"content":{"rendered":"\n<h2 class=\"wp-block-heading has-nv-c-2-background-color has-background\">DIGI LIFT_ Digitale Bildung und Beratung<\/h2>\n\n\n\n<p>Ziele des Projektes sind die Schaffung eines niederschwelligen und offenen Lernraums, der durch die Verkn\u00fcpfung von digitaler Beratung und Bildungsarbeit im Rahmen von Beratungstagen individuelle Unterst\u00fctzung f\u00fcr die Zielgruppe erm\u00f6glicht.<\/p>\n\n\n\n<p> Mehrsprachige Beraterinnen betreuen den Raum gemeinsam. Die Aneignung digitaler Kompetenzen (scannen, speichern, drucken, E-Mail, Onlineformulare, Suchmaschinen, Anmeldung und Orientierung auf div. Plattformen, \u2026) und die Verwendung technischer Mittel (Laptop, Tablet, Scanner, Drucker, Internet) werden in den Beratungsprozess integriert bzw. verschr\u00e4nkt. Die Klientinnen werden begleitet und aktiv ermutigt selbst zu handeln.<\/p>\n\n\n\n<p>Das Projekt wird mit nationalen Mitteln vom BMBWF Projektf\u00f6rderung 2025 unterst\u00fctzt.<\/p>\n\n\n\n<figure class=\"wp-block-image size-large is-resized\"><img loading=\"lazy\" decoding=\"async\" width=\"1024\" height=\"343\" src=\"https:\/\/piramidops.com\/wp-content\/uploads\/2025\/02\/logo_bmbwf-1024x343.png\" alt=\"\" class=\"wp-image-3940\" style=\"width:457px;height:auto\" srcset=\"https:\/\/piramidops.com\/wp-content\/uploads\/2025\/02\/logo_bmbwf-1024x343.png 1024w, https:\/\/piramidops.com\/wp-content\/uploads\/2025\/02\/logo_bmbwf-300x100.png 300w, https:\/\/piramidops.com\/wp-content\/uploads\/2025\/02\/logo_bmbwf-768x257.png 768w, https:\/\/piramidops.com\/wp-content\/uploads\/2025\/02\/logo_bmbwf.png 1383w\" sizes=\"auto, (max-width: 1024px) 100vw, 1024px\" \/><\/figure>\n\n\n\n<p><\/p>\n\n\n\n<h2 class=\"wp-block-heading has-nv-c-2-background-color has-background\">Digitalisierung geht uns alle an! <\/h2>\n\n\n\n<div class=\"wp-block-buttons is-content-justification-right is-layout-flex wp-container-core-buttons-is-layout-3b4ec0d9 wp-block-buttons-is-layout-flex\">\n<div class=\"wp-block-button\"><a class=\"wp-block-button__link wp-element-button\" href=\"https:\/\/piramidops.com\/wp-content\/uploads\/2024\/01\/DigiMi-2023_1901_web_reduced.pdf\">Download Brosch\u00fcre<\/a><\/div>\n<\/div>\n\n\n<div class=\"wp-block-image\">\n<figure class=\"alignright size-medium is-resized\"><img loading=\"lazy\" decoding=\"async\" width=\"213\" height=\"300\" src=\"https:\/\/piramidops.com\/wp-content\/uploads\/2024\/01\/Broschuere-DigiMi-2_Cover-213x300.png\" alt=\"\" class=\"wp-image-2890\" style=\"width:209px;height:324px\" srcset=\"https:\/\/piramidops.com\/wp-content\/uploads\/2024\/01\/Broschuere-DigiMi-2_Cover-213x300.png 213w, https:\/\/piramidops.com\/wp-content\/uploads\/2024\/01\/Broschuere-DigiMi-2_Cover.png 567w\" sizes=\"auto, (max-width: 213px) 100vw, 213px\" \/><\/figure>\n<\/div>\n\n\n<p><br><br>Einen erweiterten Einblick in das Projekt DigiMi bietet die neue Brosch\u00fcre &#8222;Digitalisierung geht uns alle an!&#8220; (2024).<br><br>Nach dem wir am Ende der ersten Projektlaufzeit mit der Brosch\u00fcre Digitalisierung partizipativ gestalten vor allem den partizipativen Entstehungs- und Entwicklungsprozess von DigiMi reflektiert haben, liegt unser Fokus nun auf der Praxis. Wir m\u00f6chten einen breiten und vielschichtigen Einblick in das Projekt geben und sowohl Mitarbeiter:innen des Vereins als auch Teilnehmer:innen aus den Angeboten zu Wort kommen lassen. Dazu haben wir Gespr\u00e4che in Form von offenen Interviews gemeinsam vorbereitet, aufgenommen, bearbeitet und transkribiert. Kurze Zusammenfassungen sowie Ausz\u00fcge aus den Interviews finden sich in dieser Brosch\u00fcre. Die Interviews in voller L\u00e4nge sind digital verf\u00fcgbar und k\u00f6nnen nachgeh\u00f6rt werden.<\/p>\n\n\n\n<p>Durch diesen multimedialen und multiperspektivischen Ansatz wollen wir die partizipative Haltung unseres Arbeitens widerspiegeln sowie die vielschichtigen Ebenen von Digitalisierung sichtbar machen und so der Vereinfachung und Individualisierung (von Verantwortung) entgegenwirken, welche wir oft im Rahmen von Digitalisierungsprozessen bemerken.<\/p>\n\n\n\n<h2 class=\"wp-block-heading has-nv-c-2-background-color has-background\">offener Lern-und Beratungsraum<\/h2>\n\n\n\n<div class=\"wp-block-buttons is-content-justification-right is-layout-flex wp-container-core-buttons-is-layout-765c4724 wp-block-buttons-is-layout-flex\">\n<div class=\"wp-block-button alignright\"><a class=\"wp-block-button__link wp-element-button\" href=\"https:\/\/piramidops.com\/wp-content\/uploads\/2022\/10\/DigiMi-Broschure_1110_web_reduced.pdf\">Download Brosch\u00fcre<\/a><\/div>\n<\/div>\n\n\n<div class=\"wp-block-image\">\n<figure class=\"alignright size-medium is-resized\"><img loading=\"lazy\" decoding=\"async\" width=\"211\" height=\"300\" src=\"https:\/\/piramidops.com\/wp-content\/uploads\/2023\/01\/Broschuere_Workshop_PPP_2-211x300.png\" alt=\"\" class=\"wp-image-2059\" style=\"width:200px\" srcset=\"https:\/\/piramidops.com\/wp-content\/uploads\/2023\/01\/Broschuere_Workshop_PPP_2-211x300.png 211w, https:\/\/piramidops.com\/wp-content\/uploads\/2023\/01\/Broschuere_Workshop_PPP_2.png 579w\" sizes=\"auto, (max-width: 211px) 100vw, 211px\" \/><\/figure>\n<\/div>\n\n\n<p><strong>DigiMi Digitalisierung Miteinander: partizipative Entwicklung eines offenen Lern- und Beratungsraumes f\u00fcr Arbeitnehmerinnen*\/Frauen*\/Migrantinnen*<\/strong><\/p>\n\n\n\n<p>Das Projekt DigiMi wird vom Digifond der Arbeiterkammer Wien seit August 2021 gef\u00f6rdert und b\u00fcndelt die digitalen Ressourcen und Kompetenzen im Verein. DigiMi bildet eine Schnittstelle aller Arbeitsbereiche, von der aus das gemeinsame Arbeiten und Lernen im Bereich Digitalisierung koordiniert wird. Insbesondere seit der COVID-19-Pandemie stellt der Ausschluss der Zielgruppe des Vereins, Migrantinnen und gefl\u00fcchtete Frauen auf Grund fehlender Ressourcen und\/oder Wissen im Bereich Digitalisierung eine Belastung f\u00fcr alle Mitarbeiterinnen dar und erschwert ihre Arbeit. Um digitales Arbeiten im Verein partizipativ zu gestalten, ist der Zugang und die Teilhabe der Zielgruppe eine Grundvoraussetzung. Daher konzipiert und er\u00f6ffnet das Projekt einen niederschwelligen Lernraum mit entsprechender technischer Ausstattung, der das Angebot des Vereins erg\u00e4nzt, die Mitarbeiterinnen entlastet und die M\u00f6glichkeit bietet, Arbeitsprozesse gemeinsam neu zu gestalten. <\/p>\n\n\n\n<p>Das Projekt DigiMi setzt sich mit Herausforderungen der Digitalisierung f\u00fcr den Verein in vier Bereiche auseinander: &nbsp;<\/p>\n\n\n\n<p><strong>Partizipative Digitalisierung der Vereins-, Bildungs- und Beratungsarbeit<\/strong> <\/p>\n\n\n\n<p>Hier wird an der partizipative Entwicklung von Digitalisierungsstrategien auf Organisations- und Vereinsarbeitsarbeitsebene gearbeitet. Es geht hier um die Frage der digitalen Infrastruktur und des gemeinsamen (digitalen) Arbeitens in und zwischen den verschiedenen Projekten der Vereins-, Bildungs- und Beratungsarbeit. Ausgangspunkt ist dabei, dass eine digitale Strategie die Komplexit\u00e4t der Arbeitsrealit\u00e4t widerspiegeln soll und daher alle Ebenen des miteinander Arbeitens und ihrer Verflechtungen untereinander mitbedenken muss. Wir sehen die Erarbeitung einer digitalen Strategie als kontinuierliches Projekt, das viel mehr ist als nur das Breitstellen einer technischen Infrastruktur.<\/p>\n\n\n\n<p><strong>Offenes DigiMi Caf\u00e9<\/strong> <\/p>\n\n\n\n<p>Hier geht es um die Auseinandersetzung mit den Fragen und Herausforderungen von Digitalisierung und digital Literacy an kritische und partizipative Beratungsarbeit. Was bedeutet Beratungsarbeit im Kontext verst\u00e4rkter Digitalisierung? Wie ver\u00e4ndert sich Beratung? Welche Ressourcen, Rahmenbedingungen, Konzepte und Strategien braucht es um kritische und erm\u00e4chtigende Beratungsarbeit fortzuf\u00fchren. Duch die partizaptive Entwicklung eines offenen Lern- und Beratungsraum sollten Strategien als Antworten auf diese Fragen erabeitet werden. <\/p>\n\n\n\n<p><strong>Digital Literacy Workshops im DigiMi Caf\u00e9 <\/strong><\/p>\n\n\n\n<p>Hier arbeiten wir an Methoden und Ans\u00e4tze und der Entwicklung eines Konzepts zur kritischen und partizipativen (Basis)<em>Bildungsarbeit im Kontext zunehmender Digitalisierung und digital literacy<\/em> basierend auf einer Workshopreihe. <\/p>\n\n\n\n<p><strong>Veranstaltungen, Workshops und Gespr\u00e4chsr\u00e4ume<\/strong><\/p>\n\n\n\n<p>Verst\u00e4rkte Sichtbarkeit der Herausforderungen von zunehmender Digitalisierung und Digital Literacy aus der Perspektive kritischer Beratungs- und (Basis)bildungsarbeit <\/p>\n\n\n\n<h2 class=\"wp-block-heading has-nv-c-2-background-color has-background\"><strong>Projekt DigiMi<\/strong> zum und Nachh\u00f6ren und -lesen<\/h2>\n\n\n\n<p>Julija Stranner (Verein Piramidops), Selma Muji\u0107 (Verein LEF\u00d6) und Elisabeth Lechner (Digifonds AK Wiem) sprechen in der Sendung &#8222;<strong>Punkt Eins: Alles digital &#8211; aber auch f\u00fcr alle?&#8220; (ORF\/\u00d61)<\/strong> am 12.12.2022 \u00fcber Strategien inklusiver Digitalisierung.<\/p>\n\n\n\n<div class=\"wp-block-buttons is-layout-flex wp-block-buttons-is-layout-flex\">\n<div class=\"wp-block-button\"><a class=\"wp-block-button__link wp-element-button\" href=\"https:\/\/cloud.servus.at\/s\/o4LY7NHRQeama3F\" target=\"_blank\" rel=\"noreferrer noopener\">Zum Nachh\u00f6ren<\/a><\/div>\n<\/div>\n\n\n\n<p class=\"has-small-font-size\">Punkt Eins: Alles digital \u2013 aber auch f\u00fcr alle?\u201c (ORF\/\u00d61) am 12.12.2022<\/p>\n\n\n\n<p class=\"has-text-align-left\">Im Gastblog auf <strong>derstandard.at<\/strong> erkl\u00e4ren Julija Stranner (Verein Piramidops) und Selma Muji\u0107 (Verein LEF\u00d6), wie Vereine helfen k\u00f6nnen, die Digitalisierung zug\u00e4nglicher und inklusiver zu gestalten.<\/p>\n\n\n\n<div class=\"wp-block-buttons is-layout-flex wp-block-buttons-is-layout-flex\">\n<div class=\"wp-block-button\"><a class=\"wp-block-button__link wp-element-button\" href=\"https:\/\/www.derstandard.at\/story\/2000140638188\/migration-prekaritaet-und-geschlecht-mehrfachbenachteiligung-im-digitalen-raum\" target=\"_blank\" rel=\"noreferrer noopener\">Zum Nachlesen<\/a><\/div>\n<\/div>\n\n\n\n<p class=\"has-small-font-size\">Blog \/Julija Stranner, Selma Muji\u0107, derstandard.at, 11.11.2022<\/p>\n\n\n\n<h2 class=\"wp-block-heading has-nv-c-2-background-color has-background\">Offenes DigiMi Caf\u00e9 ab Januar 2024- Dezember 2024<\/h2>\n\n\n\n<p>Jeden Mittwoch ist das DigiMi Caf\u00e9 f\u00fcr alle Frauen ge\u00f6ffnet, die Unterst\u00fctzung mit digitalen Anliegen (scannen, kopieren, Online-Formulare ausf\u00fcllen etc.) ben\u00f6tigen oder die Infrastruktur vor Ort zum Lernen und Arbeiten nutzen wollen. <br>Eine Basisbildner:in und eine Beraterin unterst\u00fctzen bei der Bearbeitung von digitalen Anliegen.<br>Der Raum bietet Platz f\u00fcr ca. 6 Frauen.<\/p>\n\n\n<div class=\"wp-block-image\">\n<figure class=\"alignright size-large is-resized\"><img loading=\"lazy\" decoding=\"async\" width=\"1024\" height=\"1024\" src=\"https:\/\/piramidops.com\/wp-content\/uploads\/2022\/08\/DigiMi-Cafe-bwBlueO-1024x1024.png\" alt=\"\" class=\"wp-image-1691\" style=\"width:382px;height:382px\" srcset=\"https:\/\/piramidops.com\/wp-content\/uploads\/2022\/08\/DigiMi-Cafe-bwBlueO-1024x1024.png 1024w, https:\/\/piramidops.com\/wp-content\/uploads\/2022\/08\/DigiMi-Cafe-bwBlueO-300x300.png 300w, https:\/\/piramidops.com\/wp-content\/uploads\/2022\/08\/DigiMi-Cafe-bwBlueO-150x150.png 150w, https:\/\/piramidops.com\/wp-content\/uploads\/2022\/08\/DigiMi-Cafe-bwBlueO-768x768.png 768w, https:\/\/piramidops.com\/wp-content\/uploads\/2022\/08\/DigiMi-Cafe-bwBlueO-1536x1536.png 1536w, https:\/\/piramidops.com\/wp-content\/uploads\/2022\/08\/DigiMi-Cafe-bwBlueO-2048x2048.png 2048w\" sizes=\"auto, (max-width: 1024px) 100vw, 1024px\" \/><\/figure>\n<\/div>\n\n\n<p><strong>Infrastruktur:<\/strong><\/p>\n\n\n\n<ul class=\"wp-block-list\">\n<li>6 Tablets (Android)<\/li>\n\n\n\n<li>12 Headsets<\/li>\n\n\n\n<li>3 Laptops (Windows)<\/li>\n\n\n\n<li>Internet (WLAN)<\/li>\n\n\n\n<li>Scanner<\/li>\n\n\n\n<li>Drucker&nbsp;&nbsp;&nbsp;<\/li>\n<\/ul>\n\n\n\n<h2 class=\"wp-block-heading\" id=\"offnungszeiten\">\u00d6ffnungszeiten <\/h2>\n\n\n\n<div class=\"wp-block-buttons is-content-justification-right is-layout-flex wp-container-core-buttons-is-layout-765c4724 wp-block-buttons-is-layout-flex\">\n<div class=\"wp-block-button is-style-default\"><a class=\"wp-block-button__link wp-element-button\">Download Flyer DigiMi Cafe<\/a><\/div>\n<\/div>\n\n\n\n<p><br>Mittwoch:: 09:00 bis 12:00 Uhr  (\u00c4nderungen vorbehalten)<br>Sprachen: Deutsch, T\u00fcrkisch, Englisch, Spanisch<\/p>\n\n\n\n<h2 class=\"wp-block-heading\">Adresse und Kontakt<\/h2>\n\n\n\n<p>Lerncaf\u00e9, Volkertplatz Nr. 12, 1020 Wien<br>Email: digimi(at)piramidops.at <br><\/p>\n\n\n\n<p><\/p>\n\n\n\n<h2 class=\"wp-block-heading\"><\/h2>\n\n\n\n<h2 class=\"wp-block-heading\"><br><br><\/h2>\n\n\n\n<p><\/p>\n\n\n\n<h2 class=\"wp-block-heading\"><br><\/h2>\n","protected":false},"excerpt":{"rendered":"<p>DIGI LIFT_ Digitale Bildung und Beratung Ziele des Projektes sind die Schaffung eines niederschwelligen und offenen Lernraums, der durch die Verkn\u00fcpfung von digitaler Beratung und Bildungsarbeit im Rahmen von Beratungstagen individuelle Unterst\u00fctzung f\u00fcr die Zielgruppe erm\u00f6glicht. Mehrsprachige Beraterinnen betreuen den Raum gemeinsam. Die Aneignung digitaler Kompetenzen (scannen, speichern, drucken, E-Mail, Onlineformulare, Suchmaschinen, Anmeldung und Orientierung&hellip;&nbsp;<a href=\"https:\/\/piramidops.com\/?page_id=1309\" rel=\"bookmark\">Weiterlesen &raquo;<span class=\"screen-reader-text\">Projekte Digitalisierung _DIGI LIFT (abgeschlossen 2025)<\/span><\/a><\/p>\n","protected":false},"author":2,"featured_media":0,"parent":0,"menu_order":0,"comment_status":"closed","ping_status":"closed","template":"","meta":{"neve_meta_sidebar":"left","neve_meta_container":"contained","neve_meta_enable_content_width":"","neve_meta_content_width":70,"neve_meta_title_alignment":"","neve_meta_author_avatar":"","neve_post_elements_order":"","neve_meta_disable_header":"","neve_meta_disable_footer":"","neve_meta_disable_title":"","footnotes":""},"class_list":["post-1309","page","type-page","status-publish","hentry"],"jetpack_sharing_enabled":true,"_links":{"self":[{"href":"https:\/\/piramidops.com\/index.php?rest_route=\/wp\/v2\/pages\/1309","targetHints":{"allow":["GET"]}}],"collection":[{"href":"https:\/\/piramidops.com\/index.php?rest_route=\/wp\/v2\/pages"}],"about":[{"href":"https:\/\/piramidops.com\/index.php?rest_route=\/wp\/v2\/types\/page"}],"author":[{"embeddable":true,"href":"https:\/\/piramidops.com\/index.php?rest_route=\/wp\/v2\/users\/2"}],"replies":[{"embeddable":true,"href":"https:\/\/piramidops.com\/index.php?rest_route=%2Fwp%2Fv2%2Fcomments&post=1309"}],"version-history":[{"count":47,"href":"https:\/\/piramidops.com\/index.php?rest_route=\/wp\/v2\/pages\/1309\/revisions"}],"predecessor-version":[{"id":5106,"href":"https:\/\/piramidops.com\/index.php?rest_route=\/wp\/v2\/pages\/1309\/revisions\/5106"}],"wp:attachment":[{"href":"https:\/\/piramidops.com\/index.php?rest_route=%2Fwp%2Fv2%2Fmedia&parent=1309"}],"curies":[{"name":"wp","href":"https:\/\/api.w.org\/{rel}","templated":true}]}}