{"id":1462,"date":"2022-03-01T12:47:18","date_gmt":"2022-03-01T10:47:18","guid":{"rendered":"https:\/\/piramidops.com\/?page_id=1462"},"modified":"2025-10-06T11:15:57","modified_gmt":"2025-10-06T09:15:57","slug":"medienkompetenz-fur-eltern","status":"publish","type":"page","link":"https:\/\/piramidops.com\/?page_id=1462","title":{"rendered":"Medienkompetenz f\u00fcr Eltern (abgeschlossen 2022)"},"content":{"rendered":"\n<h2 class=\"wp-block-heading has-text-align-center has-nv-c-2-background-color has-background\" id=\"projekt-emeko-eltern-medienkompetenz\">Projekt EMeKo (Eltern-Medienkompetenz) 2021-2022<\/h2>\n\n\n\n<p class=\"has-text-align-left\">Im Projekt EMeKo tauschten sich zugewanderte Eltern aus dem Bildungsgr\u00e4tzl Leo-Mitte in aufeinander aufbauenden, mehrsprachigen Workshops (Deutsch, Arabisch und T\u00fcrkisch) zum Thema Medienkonsum ihrer Kinder aus. Sie teilten ihre eigenen Erfahrungen, formulierten Probleme und Herausforderungen, diskutierten mit ein*er Expert*in und sammelten Problem-Situationen aus ihrem Alltag. Begleitet von einer motivierenden und best\u00e4rkenden Moderation entwickelten sie niederschwellige und alltagstaugliche Tipps und Strategien zur achtsamen Medienerziehung. Die von den Eltern beschriebenen Alltagssituationen wurden in Form von interaktiven Postkarten (Flashcards) aufbereitet und stehen auf dieser Seite zum kostenlosen Download bereit. Sie k\u00f6nnen in der mehrsprachigen Elternarbeit eingesetzt werden, um f\u00fcr das Thema Medienkompetenz zu sensibilisieren und einen Austausch anzuregen. <br><br>Au\u00dferdem befindet sich auf der R\u00fcckseite der Karten ein QR-Code zum Elternfolder &#8222;Mama darf ich dein Handy?&#8220; von <strong>saferinternet.at<\/strong> in der jeweiligen Sprache. Dieser enth\u00e4lt 10 Tipps f\u00fcr Eltern von Kindern zwischen 3 und 6 Jahren f\u00fcr den Umgang mit Handy, Tablet &amp; Co. im Familienalltag.<br><br>Das Projekt EMeKo wurde gef\u00f6rdert von Stadt Wien &#8211; Integration und Diversit\u00e4t (MA17)<\/p>\n\n\n\n<h2 class=\"wp-block-heading has-text-align-center has-nv-c-2-background-color has-background\" id=\"flashcards-deutsch\">Flashcards Deutsch <\/h2>\n\n\n\n<div data-wp-interactive=\"core\/file\" class=\"wp-block-file\"><object data-wp-bind--hidden=\"!state.hasPdfPreview\" hidden class=\"wp-block-file__embed\" data=\"https:\/\/piramidops.com\/wp-content\/uploads\/2022\/03\/de-1-2.pdf\" type=\"application\/pdf\" style=\"width:100%;height:600px\" aria-label=\"Einbettung von de-1.\"><\/object><a id=\"wp-block-file--media-665d36ce-1a4a-4f0b-b0c6-7880880ee474\" href=\"https:\/\/piramidops.com\/wp-content\/uploads\/2022\/03\/de-1-2.pdf\">de-1<\/a><a href=\"https:\/\/piramidops.com\/wp-content\/uploads\/2022\/03\/de-1-2.pdf\" class=\"wp-block-file__button wp-element-button\" download aria-describedby=\"wp-block-file--media-665d36ce-1a4a-4f0b-b0c6-7880880ee474\">Herunterladen<\/a><\/div>\n\n\n\n<div data-wp-interactive=\"core\/file\" class=\"wp-block-file\"><object data-wp-bind--hidden=\"!state.hasPdfPreview\" hidden class=\"wp-block-file__embed\" data=\"https:\/\/piramidops.com\/wp-content\/uploads\/2022\/03\/de-2-2.pdf\" type=\"application\/pdf\" style=\"width:100%;height:600px\" aria-label=\"Einbettung von de-2.\"><\/object><a id=\"wp-block-file--media-73979d02-13fa-40ce-a9c0-eb73e0e3fbc0\" href=\"https:\/\/piramidops.com\/wp-content\/uploads\/2022\/03\/de-2-2.pdf\">de-2<\/a><a href=\"https:\/\/piramidops.com\/wp-content\/uploads\/2022\/03\/de-2-2.pdf\" class=\"wp-block-file__button wp-element-button\" download aria-describedby=\"wp-block-file--media-73979d02-13fa-40ce-a9c0-eb73e0e3fbc0\">Herunterladen<\/a><\/div>\n\n\n\n<div data-wp-interactive=\"core\/file\" class=\"wp-block-file\"><object data-wp-bind--hidden=\"!state.hasPdfPreview\" hidden class=\"wp-block-file__embed\" data=\"https:\/\/piramidops.com\/wp-content\/uploads\/2022\/03\/de-3-2.pdf\" type=\"application\/pdf\" style=\"width:100%;height:600px\" aria-label=\"Einbettung von de-3.\"><\/object><a id=\"wp-block-file--media-f18c068f-7caa-4e66-acb9-743dfc558c9d\" href=\"https:\/\/piramidops.com\/wp-content\/uploads\/2022\/03\/de-3-2.pdf\">de-3<\/a><a href=\"https:\/\/piramidops.com\/wp-content\/uploads\/2022\/03\/de-3-2.pdf\" class=\"wp-block-file__button wp-element-button\" download aria-describedby=\"wp-block-file--media-f18c068f-7caa-4e66-acb9-743dfc558c9d\">Herunterladen<\/a><\/div>\n\n\n\n<h2 class=\"wp-block-heading has-text-align-center has-luminous-vivid-amber-to-luminous-vivid-orange-gradient-background has-background\" id=\"flashcards-turkisch\">Flashcards T\u00fcrkisch<\/h2>\n\n\n\n<div data-wp-interactive=\"core\/file\" class=\"wp-block-file\"><object data-wp-bind--hidden=\"!state.hasPdfPreview\" hidden class=\"wp-block-file__embed\" data=\"https:\/\/piramidops.com\/wp-content\/uploads\/2022\/03\/tr-1-2.pdf\" type=\"application\/pdf\" style=\"width:100%;height:600px\" aria-label=\"Einbettung von tr-1.\"><\/object><a id=\"wp-block-file--media-fab96925-76b0-4fcf-b99f-b92ba15dd386\" href=\"https:\/\/piramidops.com\/wp-content\/uploads\/2022\/03\/tr-1-2.pdf\">tr-1<\/a><a href=\"https:\/\/piramidops.com\/wp-content\/uploads\/2022\/03\/tr-1-2.pdf\" class=\"wp-block-file__button wp-element-button\" download aria-describedby=\"wp-block-file--media-fab96925-76b0-4fcf-b99f-b92ba15dd386\">Herunterladen<\/a><\/div>\n\n\n\n<div data-wp-interactive=\"core\/file\" class=\"wp-block-file\"><object data-wp-bind--hidden=\"!state.hasPdfPreview\" hidden class=\"wp-block-file__embed\" data=\"https:\/\/piramidops.com\/wp-content\/uploads\/2022\/03\/tr-2-2.pdf\" type=\"application\/pdf\" style=\"width:100%;height:600px\" aria-label=\"Einbettung von tr-2.\"><\/object><a id=\"wp-block-file--media-2a3f2b30-175c-4996-b548-06c74b1230f2\" href=\"https:\/\/piramidops.com\/wp-content\/uploads\/2022\/03\/tr-2-2.pdf\">tr-2<\/a><a href=\"https:\/\/piramidops.com\/wp-content\/uploads\/2022\/03\/tr-2-2.pdf\" class=\"wp-block-file__button wp-element-button\" download aria-describedby=\"wp-block-file--media-2a3f2b30-175c-4996-b548-06c74b1230f2\">Herunterladen<\/a><\/div>\n\n\n\n<div data-wp-interactive=\"core\/file\" class=\"wp-block-file\"><object data-wp-bind--hidden=\"!state.hasPdfPreview\" hidden class=\"wp-block-file__embed\" data=\"https:\/\/piramidops.com\/wp-content\/uploads\/2022\/03\/tr-3-2.pdf\" type=\"application\/pdf\" style=\"width:100%;height:600px\" aria-label=\"Einbettung von tr-3.\"><\/object><a id=\"wp-block-file--media-feb1accb-6ed5-4bfa-a3ab-5973ee5960e6\" href=\"https:\/\/piramidops.com\/wp-content\/uploads\/2022\/03\/tr-3-2.pdf\">tr-3<\/a><a href=\"https:\/\/piramidops.com\/wp-content\/uploads\/2022\/03\/tr-3-2.pdf\" class=\"wp-block-file__button wp-element-button\" download aria-describedby=\"wp-block-file--media-feb1accb-6ed5-4bfa-a3ab-5973ee5960e6\">Herunterladen<\/a><\/div>\n\n\n\n<h2 class=\"wp-block-heading has-text-align-center has-luminous-vivid-amber-to-luminous-vivid-orange-gradient-background has-background\" id=\"flashcards-arabisch\">Flashcards Arabisch<\/h2>\n\n\n\n<div data-wp-interactive=\"core\/file\" class=\"wp-block-file\"><object data-wp-bind--hidden=\"!state.hasPdfPreview\" hidden class=\"wp-block-file__embed\" data=\"https:\/\/piramidops.com\/wp-content\/uploads\/2022\/03\/ar-1-2.pdf\" type=\"application\/pdf\" style=\"width:100%;height:600px\" aria-label=\"Einbettung von ar-1.\"><\/object><a id=\"wp-block-file--media-fadc4ce7-17b7-4238-a12e-d7d5637745e3\" href=\"https:\/\/piramidops.com\/wp-content\/uploads\/2022\/03\/ar-1-2.pdf\">ar-1<\/a><a href=\"https:\/\/piramidops.com\/wp-content\/uploads\/2022\/03\/ar-1-2.pdf\" class=\"wp-block-file__button wp-element-button\" download aria-describedby=\"wp-block-file--media-fadc4ce7-17b7-4238-a12e-d7d5637745e3\">Herunterladen<\/a><\/div>\n\n\n\n<div data-wp-interactive=\"core\/file\" class=\"wp-block-file\"><object data-wp-bind--hidden=\"!state.hasPdfPreview\" hidden class=\"wp-block-file__embed\" data=\"https:\/\/piramidops.com\/wp-content\/uploads\/2022\/03\/ar-2-2.pdf\" type=\"application\/pdf\" style=\"width:100%;height:600px\" aria-label=\"Einbettung von ar-2.\"><\/object><a id=\"wp-block-file--media-8680a8af-f9a8-4cab-af07-07fcd42f8c49\" href=\"https:\/\/piramidops.com\/wp-content\/uploads\/2022\/03\/ar-2-2.pdf\">ar-2<\/a><a href=\"https:\/\/piramidops.com\/wp-content\/uploads\/2022\/03\/ar-2-2.pdf\" class=\"wp-block-file__button wp-element-button\" download aria-describedby=\"wp-block-file--media-8680a8af-f9a8-4cab-af07-07fcd42f8c49\">Herunterladen<\/a><\/div>\n\n\n\n<div data-wp-interactive=\"core\/file\" class=\"wp-block-file\"><object data-wp-bind--hidden=\"!state.hasPdfPreview\" hidden class=\"wp-block-file__embed\" data=\"https:\/\/piramidops.com\/wp-content\/uploads\/2022\/03\/ar-3-2.pdf\" type=\"application\/pdf\" style=\"width:100%;height:600px\" aria-label=\"Einbettung von ar-3.\"><\/object><a id=\"wp-block-file--media-2fce532c-60b4-422a-bf0b-96076e77534e\" href=\"https:\/\/piramidops.com\/wp-content\/uploads\/2022\/03\/ar-3-2.pdf\">ar-3<\/a><a href=\"https:\/\/piramidops.com\/wp-content\/uploads\/2022\/03\/ar-3-2.pdf\" class=\"wp-block-file__button wp-element-button\" download aria-describedby=\"wp-block-file--media-2fce532c-60b4-422a-bf0b-96076e77534e\">Herunterladen<\/a><\/div>\n","protected":false},"excerpt":{"rendered":"<p>Projekt EMeKo (Eltern-Medienkompetenz) 2021-2022 Im Projekt EMeKo tauschten sich zugewanderte Eltern aus dem Bildungsgr\u00e4tzl Leo-Mitte in aufeinander aufbauenden, mehrsprachigen Workshops (Deutsch, Arabisch und T\u00fcrkisch) zum Thema Medienkonsum ihrer Kinder aus. Sie teilten ihre eigenen Erfahrungen, formulierten Probleme und Herausforderungen, diskutierten mit ein*er Expert*in und sammelten Problem-Situationen aus ihrem Alltag. Begleitet von einer motivierenden und best\u00e4rkenden&hellip;&nbsp;<a href=\"https:\/\/piramidops.com\/?page_id=1462\" rel=\"bookmark\">Weiterlesen &raquo;<span class=\"screen-reader-text\">Medienkompetenz f\u00fcr Eltern (abgeschlossen 2022)<\/span><\/a><\/p>\n","protected":false},"author":2,"featured_media":0,"parent":0,"menu_order":0,"comment_status":"closed","ping_status":"closed","template":"","meta":{"neve_meta_sidebar":"","neve_meta_container":"","neve_meta_enable_content_width":"","neve_meta_content_width":0,"neve_meta_title_alignment":"","neve_meta_author_avatar":"","neve_post_elements_order":"","neve_meta_disable_header":"","neve_meta_disable_footer":"","neve_meta_disable_title":"","footnotes":""},"class_list":["post-1462","page","type-page","status-publish","hentry"],"jetpack_sharing_enabled":true,"_links":{"self":[{"href":"https:\/\/piramidops.com\/index.php?rest_route=\/wp\/v2\/pages\/1462","targetHints":{"allow":["GET"]}}],"collection":[{"href":"https:\/\/piramidops.com\/index.php?rest_route=\/wp\/v2\/pages"}],"about":[{"href":"https:\/\/piramidops.com\/index.php?rest_route=\/wp\/v2\/types\/page"}],"author":[{"embeddable":true,"href":"https:\/\/piramidops.com\/index.php?rest_route=\/wp\/v2\/users\/2"}],"replies":[{"embeddable":true,"href":"https:\/\/piramidops.com\/index.php?rest_route=%2Fwp%2Fv2%2Fcomments&post=1462"}],"version-history":[{"count":4,"href":"https:\/\/piramidops.com\/index.php?rest_route=\/wp\/v2\/pages\/1462\/revisions"}],"predecessor-version":[{"id":4839,"href":"https:\/\/piramidops.com\/index.php?rest_route=\/wp\/v2\/pages\/1462\/revisions\/4839"}],"wp:attachment":[{"href":"https:\/\/piramidops.com\/index.php?rest_route=%2Fwp%2Fv2%2Fmedia&parent=1462"}],"curies":[{"name":"wp","href":"https:\/\/api.w.org\/{rel}","templated":true}]}}