{"id":45,"date":"2025-02-19T09:36:14","date_gmt":"2025-02-19T08:36:14","guid":{"rendered":"http:\/\/piramidops.com\/?page_id=45"},"modified":"2025-10-06T11:18:10","modified_gmt":"2025-10-06T09:18:10","slug":"veranstaltungen","status":"publish","type":"page","link":"https:\/\/piramidops.com\/?page_id=45","title":{"rendered":"Veranstaltungen"},"content":{"rendered":"\n<h2 class=\"wp-block-heading has-neve-link-hover-color-color has-text-color\">Buchclub f\u00fcr Frauen<\/h2>\n\n\n\n<figure class=\"wp-block-image size-large\"><img loading=\"lazy\" decoding=\"async\" width=\"724\" height=\"1024\" src=\"https:\/\/piramidops.com\/wp-content\/uploads\/2025\/10\/Buchclub-2-724x1024.jpg\" alt=\"\" class=\"wp-image-4841\" srcset=\"https:\/\/piramidops.com\/wp-content\/uploads\/2025\/10\/Buchclub-2-724x1024.jpg 724w, https:\/\/piramidops.com\/wp-content\/uploads\/2025\/10\/Buchclub-2-212x300.jpg 212w, https:\/\/piramidops.com\/wp-content\/uploads\/2025\/10\/Buchclub-2-768x1086.jpg 768w, https:\/\/piramidops.com\/wp-content\/uploads\/2025\/10\/Buchclub-2-1086x1536.jpg 1086w, https:\/\/piramidops.com\/wp-content\/uploads\/2025\/10\/Buchclub-2.jpg 1414w\" sizes=\"auto, (max-width: 724px) 100vw, 724px\" \/><\/figure>\n\n\n\n<h2 class=\"wp-block-heading has-neve-link-hover-color-color has-text-color\"><strong>FAHRRAD KURS<\/strong> (abgeschlossen)<\/h2>\n\n\n\n<p>Fahrradkurs f\u00fcr Frauen die das Rad fahren erlernen wollen.<\/p>\n\n\n\n<p>Beginn: 02.05.2025 &#8211; 30.06.2025 <\/p>\n\n\n\n<p>Uhrzeit: 9:30 &#8211; 11:30 Uhr<\/p>\n\n\n\n<p>Ort: Volkertplatz<\/p>\n\n\n\n<p>Eine Intitiative in Kooperation mit der  Gr\u00e4tzlmarie und den Radvokaten. <\/p>\n\n\n\n<figure class=\"wp-block-image size-full is-resized\"><img loading=\"lazy\" decoding=\"async\" width=\"800\" height=\"400\" src=\"https:\/\/piramidops.com\/wp-content\/uploads\/2025\/02\/graetzlmarie_rgb_mit_name_subline.jpg\" alt=\"\" class=\"wp-image-4019\" style=\"width:242px;height:auto\" srcset=\"https:\/\/piramidops.com\/wp-content\/uploads\/2025\/02\/graetzlmarie_rgb_mit_name_subline.jpg 800w, https:\/\/piramidops.com\/wp-content\/uploads\/2025\/02\/graetzlmarie_rgb_mit_name_subline-300x150.jpg 300w, https:\/\/piramidops.com\/wp-content\/uploads\/2025\/02\/graetzlmarie_rgb_mit_name_subline-768x384.jpg 768w\" sizes=\"auto, (max-width: 800px) 100vw, 800px\" \/><\/figure>\n\n\n\n<p><\/p>\n\n\n\n<h2 class=\"wp-block-heading has-neve-link-hover-color-color has-text-color\">Initiative Gesund Bezirke<\/h2>\n\n\n\n<p><strong> Ganzheitliche  Gesundheitsf\u00f6rderung f\u00fcr Frauen mit<br>Schwerpunkt &#8222;gesund bleiben -zusammen stark&#8220;<\/strong><\/p>\n\n\n\n<p>Ganzheitliche Gesundheitsf\u00f6rderung f\u00fcr Frauen mit Schwerpunkt &#8220; Bewegung und gesundheitlicher Austausch\u201c \u2013 Sensibilisierung f\u00fcr ganzheitliche Gesundheit _ im Frauentreff Piramidops,<\/p>\n\n\n\n<p>1xw\u00f6chentlich bis 30.06.2025<\/p>\n\n\n\n<p>&nbsp;MO 17:00-19:00 Uhr offen f\u00fcr alle Frauen im Bezirk bzw. Gr\u00e4tzel.<\/p>\n\n\n\n<p><\/p>\n\n\n\n<p>Anschlie\u00dfend 19:00 \u2013 20:00 Uhr Austausch zu Gesundheitsthemen<\/p>\n\n\n\n<p>Das niederschwellige Bewegungs- und Sensibilisierungs Angebot erm\u00f6glicht den Teilnehmerinnen sich aktiv um ihre physische, aber vor<br>allem psychische Gesundheit und Widerstandskraft (Resilienz) zu k\u00fcmmern. Das Projekt wir von der WIG unterst\u00fctzt.<\/p>\n\n\n\n<figure class=\"wp-block-image size-full is-resized\"><img loading=\"lazy\" decoding=\"async\" width=\"844\" height=\"276\" src=\"https:\/\/piramidops.com\/wp-content\/uploads\/2024\/04\/wig_gesunde_bezirke.png\" alt=\"\" class=\"wp-image-3198\" style=\"width:470px;height:auto\" srcset=\"https:\/\/piramidops.com\/wp-content\/uploads\/2024\/04\/wig_gesunde_bezirke.png 844w, https:\/\/piramidops.com\/wp-content\/uploads\/2024\/04\/wig_gesunde_bezirke-300x98.png 300w, https:\/\/piramidops.com\/wp-content\/uploads\/2024\/04\/wig_gesunde_bezirke-768x251.png 768w\" sizes=\"auto, (max-width: 844px) 100vw, 844px\" \/><\/figure>\n\n\n<p style=\"position: absolute; top: -9999px;\">\/<\/p>\n\n\n<p><\/p>\n\n\n\n<p><\/p>\n","protected":false},"excerpt":{"rendered":"<p>Buchclub f\u00fcr Frauen FAHRRAD KURS (abgeschlossen) Fahrradkurs f\u00fcr Frauen die das Rad fahren erlernen wollen. Beginn: 02.05.2025 &#8211; 30.06.2025 Uhrzeit: 9:30 &#8211; 11:30 Uhr Ort: Volkertplatz Eine Intitiative in Kooperation mit der Gr\u00e4tzlmarie und den Radvokaten. Initiative Gesund Bezirke Ganzheitliche Gesundheitsf\u00f6rderung f\u00fcr Frauen mitSchwerpunkt &#8222;gesund bleiben -zusammen stark&#8220; Ganzheitliche Gesundheitsf\u00f6rderung f\u00fcr Frauen mit Schwerpunkt &#8220;&hellip;&nbsp;<a href=\"https:\/\/piramidops.com\/?page_id=45\" rel=\"bookmark\">Weiterlesen &raquo;<span class=\"screen-reader-text\">Veranstaltungen<\/span><\/a><\/p>\n","protected":false},"author":2,"featured_media":74,"parent":0,"menu_order":0,"comment_status":"closed","ping_status":"closed","template":"","meta":{"neve_meta_sidebar":"","neve_meta_container":"","neve_meta_enable_content_width":"","neve_meta_content_width":0,"neve_meta_title_alignment":"","neve_meta_author_avatar":"","neve_post_elements_order":"","neve_meta_disable_header":"","neve_meta_disable_footer":"","neve_meta_disable_title":"","footnotes":""},"class_list":["post-45","page","type-page","status-publish","has-post-thumbnail","hentry"],"jetpack_sharing_enabled":true,"_links":{"self":[{"href":"https:\/\/piramidops.com\/index.php?rest_route=\/wp\/v2\/pages\/45","targetHints":{"allow":["GET"]}}],"collection":[{"href":"https:\/\/piramidops.com\/index.php?rest_route=\/wp\/v2\/pages"}],"about":[{"href":"https:\/\/piramidops.com\/index.php?rest_route=\/wp\/v2\/types\/page"}],"author":[{"embeddable":true,"href":"https:\/\/piramidops.com\/index.php?rest_route=\/wp\/v2\/users\/2"}],"replies":[{"embeddable":true,"href":"https:\/\/piramidops.com\/index.php?rest_route=%2Fwp%2Fv2%2Fcomments&post=45"}],"version-history":[{"count":18,"href":"https:\/\/piramidops.com\/index.php?rest_route=\/wp\/v2\/pages\/45\/revisions"}],"predecessor-version":[{"id":4842,"href":"https:\/\/piramidops.com\/index.php?rest_route=\/wp\/v2\/pages\/45\/revisions\/4842"}],"wp:featuredmedia":[{"embeddable":true,"href":"https:\/\/piramidops.com\/index.php?rest_route=\/wp\/v2\/media\/74"}],"wp:attachment":[{"href":"https:\/\/piramidops.com\/index.php?rest_route=%2Fwp%2Fv2%2Fmedia&parent=45"}],"curies":[{"name":"wp","href":"https:\/\/api.w.org\/{rel}","templated":true}]}}